c - 38. Let b(r) = -r**2 + 11*r + 107. Let a(j) = b(j) + 3*p(j). Give a(u).
5
Let y(l) = 11*l - 7. Let w(r) = -1. Let b(q) = 4*w(q) - y(q). Suppose 632*c = -97 + 729. Give b(c).
-8
Let j(t) = 5*t**2 - 2*t + 35. Let v be j(0). Suppose 0 = -v*p + 14*p + 42. Let c(y) = -y + 2. Determine c(p).
0
Let q(x) = 6*x + 1. Let d(b) = b - 1. Let f be d(4). Let y be f/(-4) + (-213)/(-12). Suppose 5*h + 12 = y*h. Calculate q(h).
7
Let u be 7/(840/(-230)) - (-8)/4. Let w(t) be the second derivative of 6*t + u*t**4 - 2/3*t**3 + 0 + 3/2*t**2. Determine w(4).
3
Let m(c) be the first derivative of c**4/4 + 17*c**3/3 - 8*c**2 + 11*c + 1636. Give m(-18).
-25
Let g = -52 + 40. Let i(s) be the second derivative of s**5/20 + s**4 + s**3/3 + 7*s**2 + 2*s + 120. Give i(g).
-10
Let k be 41*(-3)/(-15) + (-8)/40. Let l(q) = 3*q**2 - 12*q. Let m(n) = -n**2 + 3*n + 1. Let c(x) = -l(x) - 2*m(x). Determine c(k).
-18
Suppose -3*f + 36 = 5*s, 3*f = -15*s + 19*s + 9. Let j(w) = -w**2 + 11*w - 7. Give j(f).
21
Let g be (-438)/(-14) + ((-40)/35)/4. Let y be g/(-11) - (-6)/(-33). Let q(w) be the second derivative of w**5/20 + w**4/12 - 2*w**3/3 - 4*w. Give q(y).
-6
Let u(i) = -i**3 - 19*i**2 + 24*i - 65. Let y(d) = -d**3 - 20*d**2 + 24*d - 64. Let l(c) = 5*u(c) - 6*y(c). Give l(-26).
7
Let g(f) = f**2 + 37*f - 263. Let b be (-12)/((2/9)/((80/(-16))/45)). Calculate g(b).
-5
Let u(i) = i**3 - 3*i**2 - i - 2. Let q = -10809 - -10813. Determine u(q).
10
Let w(k) = 2*k**2 - 25*k - 6. Let l = 385 - 372. Determine w(l).
7
Let n(y) = y**2 - 6. Let p = -1640 - -1634. What is n(p)?
30
Let v(n) be the first derivative of n**3/3 + 4*n**2 + 9*n + 3. Let w be 4/(-9) - (-3854)/(-846). Let c be v(w). Let t(f) = -f**2 - 5*f + 2. What is t(c)?
-4
Let d(s) be the third derivative of -s**6/120 + s**5/15 + s**4/2 + 5*s**3/3 - s**2 + 739. Determine d(7).
-53
Let b(o) = 0*o - 3*o + o + 4. Let t = -40320 + 40324. What is b(t)?
-4
Suppose -4*c - 2 = 14, 2*c = 3*y - 14. Let h(q) = -6*q - 2 + 0*q + 9*q + q**y. Let w be h(-3). Let j(k) = -k**3 - k**2 - 3*k - 3. Calculate j(w).
7
Suppose -5*t + n - 268 = -230, -36 = 3*t - 5*n. Let o(r) = -7. Let u(c) = c + 20. Let q(l) = 8*o(l) + 3*u(l). Determine q(t).
-17
Let b(f) = 2*f - 20. Let u be b(21). Let a(k) = 15 - 9 + u*k - 10*k - 10*k. Calculate a(-7).
-8
Let o be 179/2 + (-2)/4. Let j(u) = -174*u - 2 + 84*u + o*u. Determine j(-5).
3
Let b(a) = 3*a - 6. Let k(v) = -2*v + 35. Let g be k(16). Let h(x) = -2*x + 3*x**g - 2*x**3 + 0*x**3 - 4*x**3 + 6*x**2 - 1. Let p be h(2). Calculate b(p).
-21
Let p(r) = 4*r + 35. Let h = -2389 - -2381. Give p(h).
3
Let l(v) = -v**3 + v**2 + 12*v + 1. Let n be l(4). Let a(y) = 2*y**2 - y**3 - n + 2165*y - 2165*y. Determine a(-2).
15
Let k(x) = -65*x**2 + 263*x - 11. Let p be k(4). Let t(g) = 2*g - 7*g**2 - 5*g**3 + 5*g**2 + 12*g**3. Calculate t(p).
7
Let l(a) = -3*a**3 + 17*a**2 + 74*a - 19. Let v(m) = 2*m**3 - 7*m**2 - 39*m + 9. Let j(s) = -3*l(s) - 5*v(s). What is j(-14)?
-2
Let c(g) = -7*g - 24. Let y = -19770 - -19764. Calculate c(y).
18
Let m(f) = -f + 25 + 3*f - 4. Let p be m(-10). Let i(w) = p + 6 - 11 - 2*w. Determine i(-4).
4
Let o(y) = y**3 - 6*y**2 + 2*y + 2. Let b = 13 - 11. Suppose -3*m = -3*v - 3, -m + 28 = b*m + 2*v. Suppose t + 3 = -4*c, 2*t = m*t - 3*c - 26. Calculate o(t).
-13
Let t be -1 + (-4)/(16/(-20)). Suppose t*q + k = 4*k - 55, 40 = -5*q - 2*k. Let m(s) = -6*s - 9 + 2*s + 3*s. Calculate m(q).
1
Let f(j) = 4*j - 11. Let c(l) = -2*l + 5. Let h(b) = 9*c(b) + 4*f(b). Let n(g) = g. Let w(v) = -h(v) - 5*n(v). Let z be (4 - (-5)/5) + -4. What is w(z)?
-4
Let j(b) = b + 19. Suppose -649*k + 631*k = 324. Calculate j(k).
1
Suppose -20*f = -9*f + 22. Let l(g) = -g**3 - 9*g**2 + 2. Let a be l(-9). Let u(k) = k**3 + 9*k**a - 2 + 2*k - 12*k**2 + 7*k**2. Give u(f).
2
Let o(t) = t**3 + t**2 - 8*t + 8. Let b(x) = x**2 - 804*x + 4784. Let a be b(6). Determine o(a).
-8
Let l(r) = 182*r + 40. Let s(k) = -36*k + 1. Let g(f) = -l(f) - 5*s(f). Determine g(-20).
-5
Let c(m) = -21*m**2 + 12*m**2 - 21*m**3 + 7*m**2 - m. Let h(w) = -w**2 - 24*w - 96. Let q be h(-5). Calculate c(q).
20
Let v(g) = 4709*g + 19. Let w be v(1). Let q(u) = -u**2 - w + 2361 + 2360 - 9*u. Calculate q(-8).
1
Let v(m) be the second derivative of -136*m - 1/2*m**2 + 1/12*m**4 + 0 + 1/3*m**3. Give v(-5).
14
Let p(u) = -4*u - 1. Suppose 0 = -9*a + 7*a + 30. Let v = a + -17. Let s be ((-20)/(-15))/(v/3). Determine p(s).
7
Let v(o) = o + 1. Let l = -8183 + 8193. Suppose b + 0*b + 2*d + 15 = 0, 4*b = 5*d + 5. Let f be 1 - 10*b/l. Determine v(f).
7
Let g(o) = -o**3 + 19*o**2 - 4*o + 55. Let y = 2900 - 2881. Give g(y).
-21
Let t(p) = p**2 + 7*p + 3. Let q = 2 + -7. Let i be t(q). Let r(k) = -6 - k**2 + 8*k + 6*k + 5*k + 3 - 28*k. Calculate r(i).
11
Let c be 11 + -4 + -3 + -2 + 3. Let n(w) = -5*w + w + 6*w - 9. Give n(c).
1
Suppose -3 + 7 = 4*l. Let w be (l + (-1)/(-1))*(-75)/30. Let j(a) = -a**3 - 5*a**2 + a + 1. Give j(w).
-4
Suppose 56*q + 4986 - 3922 = 0. Let c(n) = 3*n + 47. Determine c(q).
-10
Let k(w) be the first derivative of w**7/840 + 7*w**6/360 - w**5/15 - w**4/3 + 28*w**3/3 - 17. Let n(f) be the third derivative of k(f). What is n(-8)?
-8
Let u(v) be the second derivative of -1/12*v**4 - 19/6*v**3 + 63*v - 10*v**2 + 0. What is u(-17)?
14
Let j(k) = 20*k - 12. Let z(o) = o**2 + 185*o + 363. Let w be z(-183). Determine j(w).
-72
Let a(b) = 40*b + 40*b + 35*b - 135*b + 82 + b**2. Give a(7).
-9
Let x(p) = p**2 - 7*p + 4. Suppose -3*k = 5*v - 29, -v = k - 0*k - 7. Suppose 2*u + 2*h = -0*h - 102, k*h - 87 = 2*u. Let q = 53 + u. Give x(q).
-6
Let d(a) = -a**2 - 6*a. Suppose -8 = -2*b - 2*b. Let i be 2 + (b - 0)/(2 - 3). Suppose 3*q + 0*q + 21 = i. Determine d(q).
-7
Suppose g = -4634 + 4634. Let y(n) be the second derivative of -1/6*n**3 + g + 9*n + 2*n**2. Determine y(4).
0
Let s(p) be the third derivative of p**4/6 - p**3/6 - p**2 - 6*p. Let m(c) = -9*c + 1. Let x(t) = -3*m(t) - 7*s(t). Determine x(4).
0
Let o(l) = l**3 - 10*l**2 + 7*l + 9. Suppose -14*k + 6 = h - 15*k, -k = -2*h + 15. What is o(h)?
-9
Suppose -5*r - 30 = -10*r. Suppose -r*s + 4*g = -2*s, 2*s + 2*g - 20 = 0. Let x(n) = -2*n - 1 - 4 + 12. Calculate x(s).
-3
Let u = 38 + -34. Suppose u*t - 15 = 89. Suppose 5 = b - 2*w + 3, -5*b - t = -w. Let o(k) = -2*k - 4. Give o(b).
8
Let y(x) = 11*x**3 - 19*x**2 + 3*x + 2. Let a(w) = 2*w**3 - w**2 + w + 2. Let n(t) = -6*a(t) + y(t). Determine n(-13).
29
Suppose -5*j - 1 = 5*o - 16, 5*o - 12 = -4*j. Let y(h) = -11*h**2 - 2*h**3 + 18*h**2 - 3*h**3 - 4 + 4*h**j. Give y(7).
-4
Let n(s) = -4*s - 40. Suppose 14*g = 9*g + 13*g. What is n(g)?
-40
Let l(m) = -2*m - 1 + m + 2*m - 2*m. Let f = 94 + -82. Let b be (-1)/(3/2)*(f - 0). Determine l(b).
7
Let q(r) = r**3 + 9*r**2 + 9*r + 3. Let b(t) = t**3 - 11*t**2 - 33*t + 10. Let h be b(14). Suppose -8*d - 9*d - h = 0. What is q(d)?
-5
Let b(r) = -115*r + 343. Let q be b(3). Let i(t) = -11*t + 8. Determine i(q).
30
Let n(u) = -u**2 + u + 2. Suppose -3*p = -5 - 7. Let b = 47 + -43. Suppose p*v + 14 = -c - b, -v + 6 = -5*c. Calculate n(c).
-4
Let s = -384 + 389. Suppose 5*q + s*x = 40, -14*q - 2*x = -11*q - 19. Let o(h) = 2*h + 3. Calculate o(q).
9
Let r(w) = w**2 - 6*w + 12. Let b(p) = -31*p - 56. Let g be b(-2). Let h be r(g). Let f(j) = j - 18. Calculate f(h).
-6
Let u(o) be the second derivative of -o**3/3 - 25*o**2/2 - 3125*o. Determine u(-10).
-5
Suppose -o - 10 = -8*v + 4*v, -3*v + 66 = -4*o. Let z(g) = -g**3 - 17*g**2 + 19*g + 20. What is z(o)?
2
Let u(h) be the third derivative of -h**2 - 17/60*h**6 + 0*h + 78 + 0*h**5 + 0*h**3 + 1/24*h**4. Give u(-1).
33
Let q(b) = -b**3 + 3*b**2 - b - 3. Let h(a) = 2*a**2 + 3*a + 11. Let r be h(-2). Suppose -8 = -r*m + 11*m. Give q(m).
-23
Let o(a) = 43*a**2 - 16*a - 3. Let h(f) = -54*f**2 + 17*f + 2. Let t(z) = 4*h(z) + 5*o(z). What is t(-6)?
29
Let n(b) = -32 - 2*b - 7*b - b + 32*b - 13*b. What is n(4)?
4
Let j = 15 - 29. Let b(o) be the second derivative of o**4/12 + 13*o**3/6 - 15*o**2/2 + 50254*o. What is b(j)?
-1
Let k(w) = 0 - w**2 + 2 - 3 + 2*w + 3 + 0*w**2. Let q = 36 - 11. Let i = q - 27. Determine k(i).
-6
Let f(h) = h**3 + 44*h**2 + 44*h + 38. Let v(c) = 3*c**3 + 16*c**2 - 31*c - 15. Let i be v(-7). What is f(i)?
-5
Suppose n - 1 = -4*o, -76*o + 17 = -73*o + 4*n. Let 